What is 240 (base 11) in base 14?
166
16e (base 16) to base 4
11232
Convert 11926 (base 10) to base 6.
131114
Convert 1204b (base 12) to base 7.
130463
Convert -144321 (base 5) to base 12.
-3717
What is -1364 (base 7) in base 4?
-20120
What is -26411 (base 7) in base 2?
-1101110011000
What is 1525 (base 9) in base 10?
1157
Convert 684a (base 13) to base 11.
aa6a
Convert -16c (base 16) to base 12.
-264
Convert -3416 (base 9) to base 10.
-2526
Convert 65cc (base 14) to base 9.
26152
What is 301032 (base 5) in base 4?
2110231
What is -110013 (base 6) in base 16?
-2379
Convert -18b (base 15) to base 3.
-111012
Convert -166b (base 12) to base 8.
-5163
Convert 3673 (base 9) to base 16.
ab3
-3470 (base 15) to base 3
-120021020
What is 24100 (base 5) in base 14?
90b
-6229 (base 11) to base 13
-39b4
507e (base 16) to base 14
771c
-100101010001110 (base 2) to base 13
-88c2
-11333321 (base 4) to base 9
-36628
Convert 3216 (base 7) to base 3.
1120020
Convert 1010010210 (base 3) to base 7.
121026
-1a89 (base 13) to base 7
-14443
What is 2bb (base 15) in base 7?
1553
What is 11101 (base 3) in base 5?
433
-20233 (base 7) to base 5
-124144
Convert -1012111 (base 3) to base 13.
-526
12373 (base 9) to base 4
2002020
What is -122011 (base 3) in base 6?
-2051
-132514 (base 6) to base 14
-4698
What is -2317 (base 8) in base 15?
-571
232133 (base 4) to base 2
101110011111
-4322 (base 14) to base 8
-26512
Convert -80 (base 15) to base 2.
-1111000
-a4bc (base 14) to base 7
-145525
What is 899 (base 16) in base 11?
1721
Convert 6085 (base 10) to base 5.
143320
What is 111121 (base 3) in base 2?
101101111
Convert 334 (base 12) to base 11.
39a
Convert -16461 (base 7) to base 15.
-15d3
Convert 110022122 (base 3) to base 5.
241411
Convert 100242 (base 6) to base 12.
4682
What is -10 (base 9) in base 10?
-9
Convert -6013 (base 13) to base 15.
-3d9d
401321 (base 5) to base 13
5a2a
What is -1350321 (base 6) in base 7?
-436165
7418 (base 9) to base 6
41112
What is 1010101000 (base 2) in base 8?
1250
11161 (base 7) to base 16
b14
Convert 1272 (base 8) to base 9.
855
15433 (base 8) to base 13
320a
-3694 (base 13) to base 15
-2451
What is 876 (base 9) in base 6?
3153
-2a6 (base 13) to base 7
-1245
What is -10121202 (base 3) in base 4?
-221033
Convert 2130 (base 4) to base 11.
132
100000100110 (base 2) to base 9
2767
What is 1103 (base 5) in base 16?
99
221102 (base 3) to base 6
3102
Convert 2026 (base 7) to base 8.
1302
5211 (base 14) to base 10
14127
What is -51745 (base 8) in base 6?
-243233
-4506 (base 8) to base 13
-1108
Convert d43 (base 16) to base 5.
102040
Convert cb5 (base 14) to base 11.
1983
What is -1af (base 16) in base 5?
-3211
Convert -122300 (base 6) to base 7.
-43542
What is -2480 (base 13) in base 16?
-1436
Convert -18b (base 15) to base 12.
-258
a54 (base 12) to base 15
6a4
-22010 (base 3) to base 8
-333
-1400 (base 13) to base 3
-10221102
-5458 (base 10) to base 16
-1552
2122 (base 4) to base 7
310
What is 2307 (base 11) in base 12?
1908
Convert a714 (base 11) to base 2.
11011101011100
Convert -321 (base 11) to base 8.
-602
11eb (base 16) to base 3
20021220
Convert 34145 (base 6) to base 8.
11321
Convert 2015 (base 6) to base 16.
1bb
Convert -2011 (base 5) to base 3.
-100111
122212 (base 3) to base 9
585
Convert -100220211 (base 3) to base 7.
-30040
Convert -2001310 (base 4) to base 8.
-20164
What is -2001112 (base 4) in base 5?
-231103
5551 (base 6) to base 14
683
What is -103033 (base 5) in base 16?
-dbe
What is a66 (base 15) in base 13?
10b6
Convert 343 (base 12) to base 6.
2123
What is 2441 (base 5) in base 6?
1415
Convert -135210 (base 6) to base 8.
-31026
327 (base 15) to base 10
712
1385 (base 13) to base 10
2813
Convert -1100110001 (base 2) to base 3.
-1010021
-125 (base 14) to base 11
-199
-1778 (base 10) to base 8
-3362
What is -17ab (base 14) in base 7?
-15304
23104 (base 8) to base 6
113204
Convert 1720 (base 12) to base 5.
42020
24d9 (base 14) to base 12
38a7
Convert 2101 (base 4) to base 6.
401
What is -1556 (base 13) in base 11?
-2380
-5613 (base 9) to base 14
-171d
What is -1100001000 (base 2) in base 10?
-776
Convert -581 (base 13) to base 7.
-2525
Convert -4a7f (base 16) to base 14.
-6d43
What is 858 (base 12) in base 2?
10011000100
What is -2e8 (base 15) in base 7?
-1643
What is -12456 (base 8) in base 10?
-5422
Convert 110110 (base 3) to base 15.
176
-53415 (base 6) to base 7
-30143
-679 (base 11) to base 5
-11222
Convert 1110010101011 (base 2) to base 9.
11054
What is 113121 (base 4) in base 8?
2731
4757 (base 8) to base 13
1208
Convert -271 (base 12) to base 10.
-373
Convert -3aa50 (base 11) to base 10.
-58498
31441 (base 5) to base 14
ab7
What is 479 (base 10) in base 16?
1df
4114 (base 5) to base 16
216
-2917 (base 16) to base 12
-6107
Convert -1031133 (base 4) to base 7.
-20313
-161 (base 12) to base 8
-331
Convert 213 (base 13) to base 11.
2a2
What is 30a (base 13) in base 12?
371
What is -1661 (base 13) in base 6?
-23122
What is 600 (base 12) in base 7?
2343
What is 6080 (base 10) in base 15?
1c05
20801 (base 12) to base 6
525201
Convert 4bdc (base 15) to base 16.
3f36
a43 (base 15) to base 3
10011200
3533 (base 13) to base 6
54342
Convert -1075 (base 9) to base 6.
-3405
-2266 (base 7) to base 12
-594
What is -85 (base 16) in base 11?
-111
14c (base 16) to base 11
282
7978 (base 11) to base 16
28fb
What is 1110001100 (base 2) in base 4?
32030
Convert -1111002 (base 3) to base 11.
-8a4
What is 1031 (base 7) in base 16?
16d
Convert -112 (base 7) to base 6.
-134
What is -100100101100011 (base 2) in base 9?
-27684
-11100011 (base 2) to base 14
-123
What is -1c19 (base 13) in base 4?
-1002113
Convert 6045 (base 9) to base 11.
3354
What is -1044 (base 5) in base 13?
-b6
Convert 40320 (base 5) to base 6.
15545
562 (base 8) to base 10
370
What is 20142 (base 7) in base 9?
6623
Convert 31140 (base 5) to base 8.
3775
Convert -4c0 (base 13) to base 16.
-340
-2675 (base 10) to base 3
-10200002
7446 (base 12) to base 5
401401
Convert -880 (base 9) to base 11.
-5a5
1004240 (base 5) to base 9
24184
-6a30 (base 16) to base 15
-80c4
Convert -100000100 (base 2) to base 12.
-198
-508 (base 9) to base 16
-19d
Convert 1313213 (base 4) to base 11.
582a
-2102200120 (base 3) to base 15
-e2c6
3a90 (base 12) to base 2
1101001001100
Convert -10b9 (base 16) to base 14.
-17bb
What is -27317 (base 9) in base 3?
-221100121
What is 320441 (base 5) in base 12?
6276
4755 (base 11) to base 7
24111
Convert 103030 (base 4) to base 10.
1228
What is b8 (base 14) in base 5?
1122
15451 (base 6) to base 4
213313
Convert 6137 (base 10) to base 12.
3675
Convert -85a (base 15) to base 16.
-75d
-1053 (base 6) to base 10
-249
What is 105 (base 16) in base 4?
10011
Convert -38a6 (base 16) to base 10.
-14502
-9aa9 (base 14) to base 4
-12202311
Convert -197 (base 16) to base 7.
-1121
What is 121c (base 13) in base 4?
220000
Convert 2233 (base 5) to base 4.
10332
What is 283 (base 11) in base 9?
410
Convert -28145 (base 9) to base 7.
-106421
What is 135a (base 11) in base 7?
5062
Convert -1432b (base 14) to base 4.
-30031203
What is -5 (base 7) in base 15?
-5
-183 (base 13) to base 11
-231
Convert -21876 (base 9) to base 3.
-201222120
What is -20cc9 (base 14) in base 11?
-54697
-25613 (base 8) to base 5
-324042
12543 (base 12) to base 9
37216
Convert -14030 (base 6) to base 4.
-202002
-547 (base 14) to base 6
-4455
What is 532 (base 6) in base 8?
310
Convert -320340 (base 7) to base 9.
-83883
Convert -b98 (base 16) to base 9.
-4057
What is 369 (base 12) in base 8?
1001
Convert 221010 (base 3) to base 6.
3050
What is -12392 (base 10) in base 15?
-3a12
-11023300 (base 4) to base 11
-14a52
917 (base 11) to base 2
10001010011
10301 (base 4) to base 13
1a6
10111110001 (base 2) to base 16
5f1
19e (base 15) to base 6
1422
64354 (base 8) to base 5
1324420
Convert 1247 (base 11) to base 4.
121120
What is -c7 (base 13) in base 5?
-1123
Convert -11110110100 (base 2) to base 5.
-30342
What is 338 (base 10) in base 2?
101010010
5a3 (base 13) to base 14
4dc
Convert -102321 (base 4) to base 2.
-10010111001
What is -182 (base 16) in base 7?
-1061
-7cc (base 15) to base 10
-1767
What is 1020120 (base 3) in base 15?
406
What is 71455 (base 9) in base 3?
2101111212
-2b6f (base 16) to base 2
-1010